igit of 124940404?
4
What is the thousands digit of 1537888139?
8
What is the thousands digit of 33374801?
4
What is the units digit of 535185650?
0
What is the units digit of 13075046?
6
What is the thousands digit of 1298508497?
8
What is the units digit of 2168975156?
6
What is the ten thousands digit of 76729866?
2
What is the hundred thousands digit of 171750903?
7
What is the hundred millions digit of 497061859?
4
What is the hundreds digit of 71881432?
4
What is the tens digit of 931087757?
5
What is the units digit of 410265168?
8
What is the hundred thousands digit of 1248983?
2
What is the ten thousands digit of 201328637?
2
What is the hundred thousands digit of 83923819?
9
What is the billions digit of 1563657374?
1
What is the hundred thousands digit of 51957936?
9
What is the hundred millions digit of 152712159?
1
What is the tens digit of 3389882528?
2
What is the tens digit of 838036040?
4
What is the thousands digit of 2443645762?
5
What is the ten thousands digit of 94504475?
0
What is the ten thousands digit of 43490330?
9
What is the hundreds digit of 231782411?
4
What is the hundred thousands digit of 13159346?
1
What is the hundreds digit of 2042955474?
4
What is the ten thousands digit of 541133869?
3
What is the billions digit of 3610870988?
3
What is the ten millions digit of 518387225?
1
What is the billions digit of 3070826647?
3
What is the ten millions digit of 284755673?
8
What is the ten thousands digit of 51015312?
1
What is the hundreds digit of 1082608196?
1
What is the millions digit of 64744173?
4
What is the millions digit of 732186021?
2
What is the hundred millions digit of 2419754603?
4
What is the hundred thousands digit of 665980523?
9
What is the ten millions digit of 13304190?
1
What is the ten thousands digit of 12465241?
6
What is the hundred thousands digit of 2093123100?
1
What is the millions digit of 288589517?
8
What is the units digit of 158256191?
1
What is the hundred millions digit of 6391785225?
3
What is the hundred millions digit of 1089942904?
0
What is the units digit of 17377494?
4
What is the ten thousands digit of 31327926?
2
What is the thousands digit of 80748606?
8
What is the hundred thousands digit of 11128711?
1
What is the billions digit of 1349680849?
1
What is the millions digit of 4174927?
4
What is the units digit of 30746888?
8
What is the hundreds digit of 11750747?
7
What is the hundred millions digit of 806815202?
8
What is the units digit of 2075790117?
7
What is the tens digit of 50487475?
7
What is the hundred millions digit of 246015414?
2
What is the ten millions digit of 203889497?
0
What is the thousands digit of 152408999?
8
What is the units digit of 33223111?
1
What is the ten thousands digit of 29918159?
1
What is the ten millions digit of 142295063?
4
What is the ten thousands digit of 1161148979?
4
What is the ten thousands digit of 3455235691?
3
What is the ten millions digit of 892469619?
9
What is the hundred thousands digit of 5529326969?
3
What is the hundred millions digit of 283190167?
2
What is the tens digit of 51126500?
0
What is the tens digit of 287768005?
0
What is the tens digit of 350486267?
6
What is the tens digit of 858967649?
4
What is the millions digit of 434434805?
4
What is the tens digit of 430693331?
3
What is the millions digit of 22627353?
2
What is the ten millions digit of 302869740?
0
What is the hundreds digit of 29124440?
4
What is the billions digit of 3887396669?
3
What is the units digit of 5450424138?
8
What is the billions digit of 1707868944?
1
What is the millions digit of 131608753?
1
What is the tens digit of 472885399?
9
What is the thousands digit of 60450354?
0
What is the tens digit of 838745458?
5
What is the ten thousands digit of 122062611?
6
What is the ten thousands digit of 13840922?
4
What is the hundreds digit of 55835731?
7
What is the tens digit of 501320082?
8
What is the ten thousands digit of 430127608?
2
What is the ten millions digit of 2862035102?
6
What is the ten thousands digit of 297567158?
6
What is the ten thousands digit of 125508973?
0
What is the hundred millions digit of 326883198?
3
What is the ten millions digit of 56268833?
5
What is the hundreds digit of 121773983?
9
What is the hundreds digit of 376910877?
8
What is the thousands digit of 911678631?
8
What is the units digit of 45485466?
6
What is the tens digit of 707007884?
8
What is the tens digit of 83340105?
0
What is the units digit of 5888819?
9
What is the ten millions digit of 378222282?
7
What is the hundred millions digit of 266615117?
2
What is the hundreds digit of 634906432?
4
What is the ten thousands digit of 1179647703?
4
What is the ten millions digit of 51326516?
5
What is the tens digit of 29586692?
9
What is the hundreds digit of 891736814?
8
What is the hundreds digit of 917575106?
1
What is the ten thousands digit of 69514223?
1
What is the thousands digit of 652346485?
6
What is the hundred thousands digit of 7419957?
4
What is the units digit of 19212668?
8
What is the ten thousands digit of 89063051?
6
What is the ten millions digit of 769622108?
6
What is the ten thousands digit of 4142735859?
3
What is the hundreds digit of 175509179?
1
What is the tens digit of 786647027?
2
What is the hundred thousands digit of 3014164005?
1
What is the ten thousands digit of 3309466713?
6
What is the ten thousands digit of 14993472?
9
What is the millions digit of 336174570?
6
What is the millions digit of 41621850?
1
What is the hundreds digit of 675563098?
0
What is the thousands digit of 1702269341?
9
What is the billions digit of 2332283892?
2
What is the units digit of 2926451936?
6
What is the ten millions digit of 130028129?
3
What is the ten thousands digit of 7863236672?
3
What is the ten millions digit of 166441056?
6
What is the thousands digit of 7348829107?
9
What is the thousands digit of 1173619244?
9
What is the tens digit of 231976484?
8
What is the ten millions digit of 34219966?
3
What is the ten thousands digit of 2344430110?
3
What is the ten thousands digit of 42857231?
5
What is the ten thousands digit of 63699417?
9
What is the hundred thousands digit of 6279272033?
2
What is the units digit of 12090413?
3
What is the ten thousands digit of 8124132214?
3
What is the ten millions digit of 411233806?
1
What is the hundreds digit of 93130972?
9
What is the ten thousands digit of 72803331?
0
What is the units digit of 17848240?
0
What is the millions digit of 86684724?
6
What is the tens digit of 237894833?
3
What is the ten thousands digit of 54060449?
6
What is the tens digit of 96743080?
8
What is the tens digit of 106435269?
6
What is the hundred millions digit of 257574593?
2
What is the thousands digit of 112190303?
0
What is the hundreds digit of 176729852?
8
What is the hundred thousands digit of 3141966307?
9
What is the millions digit of 4352870374?
2
What is the units digit of 414675170?
0
What is the thousands digit of 16326261?
6
What is the millions digit of 24391699?
4
What is the hundred thousands digit of 2558428018?
4
What is the tens digit of 1142891282?
8
What is the thousands digit of 78646776?
6
What is the units digit of 941310080?
0
What is the hundred millions digit of 959362816?
9
What is the ten thousands digit of 26120888?
2
What is the millions digit of 1001418190?
1
What is the hundred thousands digit of 3538765842?
7
What is the tens digit of 954977853?
5
What is the thousands digit of 254156243?
6
What is the ten millions digit of 390406568?
9
What is the units digit of 1278940678?
8
What is the ten thousands digit of 5815010?
1
What is the thousands digit of 62246107?
6
What is the tens digit of 304946714?
1
What is the tens digit of 638827046?
4
What is the units digit of 246483686?
6
What is the units digit of 109406519?
9
What is the ten millions digit of 85073570?
8
What is the tens digit of 955249580?
8
What is the hundreds digit of 4127854767?
7
What is the hundred millions digit of 168858249?
1
What is the hundreds digit of 160397665?
6
What is the units digit of 103237930?
0
What is the hundreds digit of 88685078?
0
What is the hundred thousands digit of 6102114037?
1
What is the thousands digit of 350209367?
9
What is the tens digit of 2670831432?
3
